{"id":10349,"date":"2019-01-28T10:41:00","date_gmt":"2019-01-28T12:41:00","guid":{"rendered":"http:\/\/ubanews.com\/site\/?page_id=10349"},"modified":"2026-01-13T16:02:08","modified_gmt":"2026-01-13T19:02:08","slug":"ocorrencias-policiais-1","status":"publish","type":"page","link":"https:\/\/ubanews.com\/site\/ocorrencias-policiais-1\/","title":{"rendered":"Ocorr\u00eancias Policiais"},"content":{"rendered":"\n<div class=\"wp-block-ultimate-post-post-grid-parent ultp-post-grid-parent\" data-postid=\"10349\" data-grids=\"[{&quot;blockId&quot;:&quot;922b1f&quot;,&quot;name&quot;:&quot;ultimate-post_post-list-3&quot;}]\" data-pagi=\"[&quot;ultp-block-f38f53&quot;]\"><div  class=\"ultp-post-grid-block wp-block-ultimate-post-post-list-3 ultp-block-922b1f\"><div class=\"ultp-block-wrapper\"><div class=\"ultp-loading\"><div class=\"ultp-loading-blocks\" style=\"width:100%;height:100%;\"><div style=\"left: 0;top: 0;animation-delay:0s;\"><\/div><div style=\"left: 21px;top: 0;animation-delay:0.125s;\"><\/div><div style=\"left: 42px;top: 0;animation-delay:0.25s;\"><\/div><div style=\"left: 0;top: 21px;animation-delay:0.875s;\"><\/div><div style=\"left: 42px;top: 21px;animation-delay:0.375s;\"><\/div><div style=\"left: 0;top: 42px;animation-delay:0.75s;\"><\/div><div style=\"left: 42px;top: 42px;animation-delay:0.625s;\"><\/div><div style=\"left: 21px;top: 42px;animation-delay:0.5s;\"><\/div><\/div><\/div><div class=\"ultp-block-items-wrap ultp-block-row ultp-block-column-1 ultp-block-content-middle ultp-layout1\"><div class=\"ultp-block-item ultp-block-media post-id-24698\"><div class=\"ultp-block-content-wrap\"><div class=\"ultp-block-image ultp-block-image-opacity\"><a href=\"https:\/\/ubanews.com\/site\/2026\/04\/27\/sintese-das-ocorrencias-do-dia-24-26-04-2026\/\" ><img decoding=\"async\"  alt=\"Sintese das Ocorr\u00eancias do dia 24..26\/04\/2026\"  data-src=\"https:\/\/ubanews.com\/site\/wp-content\/uploads\/2026\/04\/2026-04-25-Porte-e-Trafico-Vila-Casal-Uba-1-300x263.jpg\" src=\"data:image\/svg+xml;base64,PHN2ZyB3aWR0aD0iMSIgaGVpZ2h0PSIxIiB4bWxucz0iaHR0cDovL3d3dy53My5vcmcvMjAwMC9zdmciPjwvc3ZnPg==\" class=\"lazyload\" style=\"--smush-placeholder-width: 300px; --smush-placeholder-aspect-ratio: 300\/263;\" \/><\/a><\/div><div class=\"ultp-block-content\"><h3 class=\"ultp-block-title \"><a href=\"https:\/\/ubanews.com\/site\/2026\/04\/27\/sintese-das-ocorrencias-do-dia-24-26-04-2026\/\" >Sintese das Ocorr\u00eancias do dia 24..26\/04\/2026<\/a><\/h3><div class=\"ultp-block-excerpt\"><p>Sintese das Ocorr\u00eancias do dia 24..26\/04\/2026<\/p>\n<\/div><div class=\"ultp-block-readmore\"><a aria-label=\"Sintese das Ocorr\u00eancias do dia 24..26\/04\/2026\" href=\"https:\/\/ubanews.com\/site\/2026\/04\/27\/sintese-das-ocorrencias-do-dia-24-26-04-2026\/\" >Clique para ler a S\u00edntese completa<\/a><\/div><\/div><\/div><\/div><div class=\"ultp-block-item ultp-block-media post-id-24658\"><div class=\"ultp-block-content-wrap\"><div class=\"ultp-block-image ultp-block-image-opacity\"><a href=\"https:\/\/ubanews.com\/site\/2026\/04\/23\/sintese-das-ocorrencias-do-dia-17-21-04-2026\/\" ><img decoding=\"async\"  alt=\"Sintese das Ocorr\u00eancias do dia 17..21\/04\/2026\"  data-src=\"https:\/\/ubanews.com\/site\/wp-content\/uploads\/2026\/04\/2026-04-19-Trafico-de-drogas-Tocantins-Vale-do-ouro-300x212.jpg\" src=\"data:image\/svg+xml;base64,PHN2ZyB3aWR0aD0iMSIgaGVpZ2h0PSIxIiB4bWxucz0iaHR0cDovL3d3dy53My5vcmcvMjAwMC9zdmciPjwvc3ZnPg==\" class=\"lazyload\" style=\"--smush-placeholder-width: 300px; --smush-placeholder-aspect-ratio: 300\/212;\" \/><\/a><\/div><div class=\"ultp-block-content\"><h3 class=\"ultp-block-title \"><a href=\"https:\/\/ubanews.com\/site\/2026\/04\/23\/sintese-das-ocorrencias-do-dia-17-21-04-2026\/\" >Sintese das Ocorr\u00eancias do dia 17..21\/04\/2026<\/a><\/h3><div class=\"ultp-block-excerpt\"><p>Sintese das Ocorr\u00eancias do dia 17..21\/04\/2026<\/p>\n<\/div><div class=\"ultp-block-readmore\"><a aria-label=\"Sintese das Ocorr\u00eancias do dia 17..21\/04\/2026\" href=\"https:\/\/ubanews.com\/site\/2026\/04\/23\/sintese-das-ocorrencias-do-dia-17-21-04-2026\/\" >Clique para ler a S\u00edntese completa<\/a><\/div><\/div><\/div><\/div><div class=\"ultp-block-item ultp-block-media post-id-24631\"><div class=\"ultp-block-content-wrap\"><div class=\"ultp-block-image ultp-block-image-opacity\"><a href=\"https:\/\/ubanews.com\/site\/2026\/04\/17\/sintese-das-ocorrencias-do-dia-16-04-2026\/\" ><img decoding=\"async\"  alt=\"Sintese das Ocorr\u00eancias do dia 16\/04\/2026\"  data-src=\"https:\/\/ubanews.com\/site\/wp-content\/uploads\/2026\/04\/2026-04-16-Trafico-de-Drogas-Talma-300x189.jpg\" src=\"data:image\/svg+xml;base64,PHN2ZyB3aWR0aD0iMSIgaGVpZ2h0PSIxIiB4bWxucz0iaHR0cDovL3d3dy53My5vcmcvMjAwMC9zdmciPjwvc3ZnPg==\" class=\"lazyload\" style=\"--smush-placeholder-width: 300px; --smush-placeholder-aspect-ratio: 300\/189;\" \/><\/a><\/div><div class=\"ultp-block-content\"><h3 class=\"ultp-block-title \"><a href=\"https:\/\/ubanews.com\/site\/2026\/04\/17\/sintese-das-ocorrencias-do-dia-16-04-2026\/\" >Sintese das Ocorr\u00eancias do dia 16\/04\/2026<\/a><\/h3><div class=\"ultp-block-excerpt\"><p>Sintese das Ocorr\u00eancias do dia 16\/04\/2026<\/p>\n<\/div><div class=\"ultp-block-readmore\"><a aria-label=\"Sintese das Ocorr\u00eancias do dia 16\/04\/2026\" href=\"https:\/\/ubanews.com\/site\/2026\/04\/17\/sintese-das-ocorrencias-do-dia-16-04-2026\/\" >Clique para ler a S\u00edntese completa<\/a><\/div><\/div><\/div><\/div><div class=\"ultp-block-item ultp-block-media post-id-24538\"><div class=\"ultp-block-content-wrap\"><div class=\"ultp-block-image ultp-block-image-opacity\"><a href=\"https:\/\/ubanews.com\/site\/2026\/04\/13\/sintese-das-ocorrencias-do-dia-10-ate-12-04-2026\/\" ><img decoding=\"async\"  alt=\"Sintese das Ocorr\u00eancias do dia 10 ate 12\/04\/2026\"  data-src=\"https:\/\/ubanews.com\/site\/wp-content\/uploads\/2026\/04\/2026-04-11-Trafico-de-Drogas-GER-Sao-Domingos-300x262.jpg\" src=\"data:image\/svg+xml;base64,PHN2ZyB3aWR0aD0iMSIgaGVpZ2h0PSIxIiB4bWxucz0iaHR0cDovL3d3dy53My5vcmcvMjAwMC9zdmciPjwvc3ZnPg==\" class=\"lazyload\" style=\"--smush-placeholder-width: 300px; --smush-placeholder-aspect-ratio: 300\/262;\" \/><\/a><\/div><div class=\"ultp-block-content\"><h3 class=\"ultp-block-title \"><a href=\"https:\/\/ubanews.com\/site\/2026\/04\/13\/sintese-das-ocorrencias-do-dia-10-ate-12-04-2026\/\" >Sintese das Ocorr\u00eancias do dia 10 ate 12\/04\/2026<\/a><\/h3><div class=\"ultp-block-excerpt\"><p>Sintese das Ocorr\u00eancias do dia 10 ate 12\/04\/2026<\/p>\n<\/div><div class=\"ultp-block-readmore\"><a aria-label=\"Sintese das Ocorr\u00eancias do dia 10 ate 12\/04\/2026\" href=\"https:\/\/ubanews.com\/site\/2026\/04\/13\/sintese-das-ocorrencias-do-dia-10-ate-12-04-2026\/\" >Clique para ler a S\u00edntese completa<\/a><\/div><\/div><\/div><\/div><div class=\"ultp-block-item ultp-block-media post-id-24511\"><div class=\"ultp-block-content-wrap\"><div class=\"ultp-block-image ultp-block-image-opacity\"><a href=\"https:\/\/ubanews.com\/site\/2026\/04\/10\/sintese-das-ocorrencias-do-dia-09-04-2026\/\" ><img decoding=\"async\"  alt=\"Sintese das Ocorr\u00eancias do dia 09\/04\/2026\"  data-src=\"https:\/\/ubanews.com\/site\/wp-content\/uploads\/2026\/04\/2026-04-10-Trafico-de-Drogas-Copacabana-Uba-300x212.jpg\" src=\"data:image\/svg+xml;base64,PHN2ZyB3aWR0aD0iMSIgaGVpZ2h0PSIxIiB4bWxucz0iaHR0cDovL3d3dy53My5vcmcvMjAwMC9zdmciPjwvc3ZnPg==\" class=\"lazyload\" style=\"--smush-placeholder-width: 300px; --smush-placeholder-aspect-ratio: 300\/212;\" \/><\/a><\/div><div class=\"ultp-block-content\"><h3 class=\"ultp-block-title \"><a href=\"https:\/\/ubanews.com\/site\/2026\/04\/10\/sintese-das-ocorrencias-do-dia-09-04-2026\/\" >Sintese das Ocorr\u00eancias do dia 09\/04\/2026<\/a><\/h3><div class=\"ultp-block-excerpt\"><p>2026-016121571-001 \u2013 POL\u00cdCIA MILITAR REGISTRA ROUBO NA ZONA RURAL DE<\/p>\n<\/div><div class=\"ultp-block-readmore\"><a aria-label=\"Sintese das Ocorr\u00eancias do dia 09\/04\/2026\" href=\"https:\/\/ubanews.com\/site\/2026\/04\/10\/sintese-das-ocorrencias-do-dia-09-04-2026\/\" >Clique para ler a S\u00edntese completa<\/a><\/div><\/div><\/div><\/div><\/div><\/div><div class=\"pagination-block-html\" aria-hidden=\"true\" style=\"display: none;\"><div class=\"ultp-pagination-wrap ultp-pagination-ajax-action\"  data-for=\"ultp-block-922b1f\"  data-blockid=\"922b1f\"  data-expost=\"\"  data-paged=\"1\"  data-pages=\"372\"  data-blockname=\"ultimate-post_post-list-3\"  data-postid=\"10349\"  data-selfpostid=\"yes\" ><ul class=\"ultp-pagination\"><li class=\"ultp-prev-page-numbers\" style=\"display:none\"><a href=\"https:\/\/ubanews.com\/site\/wp-json\/wp\/v2\/pages\/10349\/\"><svg xmlns=\"http:\/\/www.w3.org\/2000\/svg\" fill=\"none\" viewBox=\"0 0 24 24\">\n  <path stroke=\"currentColor\" stroke-linecap=\"round\" stroke-linejoin=\"round\" stroke-width=\"1.5\" d=\"m15 18-6-6 6-6\"\/>\n<\/svg>\n Anterior<\/a><\/li><li class=\"ultp-first-pages\" style=\"display:none\" data-current=\"1\"><a href=\"https:\/\/ubanews.com\/site\/wp-json\/wp\/v2\/pages\/10349\/\">1<\/a><\/li><li class=\"ultp-first-dot\"style=\"display:none\"><a href=\"#\">&#8230;<\/a><\/li><li class=\"ultp-center-item pagination-active\" data-current=\"1\"><a href=\"https:\/\/ubanews.com\/site\/wp-json\/wp\/v2\/pages\/10349\/\">1<\/a><\/li><li class=\"ultp-center-item\" data-current=\"2\" ><a href=\"https:\/\/ubanews.com\/site\/wp-json\/wp\/v2\/pages\/10349\/page\/2\/\">2<\/a><\/li><li class=\"ultp-center-item\" data-current=\"3\" ><a href=\"https:\/\/ubanews.com\/site\/wp-json\/wp\/v2\/pages\/10349\/page\/3\/\">3<\/a><\/li><li class=\"ultp-last-dot\" ><a href=\"#\">&#8230;<\/a><\/li><li class=\"ultp-last-pages\" data-current=\"372\"><a href=\"https:\/\/ubanews.com\/site\/wp-json\/wp\/v2\/pages\/10349\/page\/372\/\">372<\/a><\/li><li class=\"ultp-next-page-numbers\"><a href=\"https:\/\/ubanews.com\/site\/wp-json\/wp\/v2\/pages\/10349\/page\/2\/\">Pr\u00f3xima<svg xmlns=\"http:\/\/www.w3.org\/2000\/svg\" fill=\"none\" viewBox=\"0 0 24 24\">\n  <path stroke=\"currentColor\" stroke-linecap=\"round\" stroke-linejoin=\"round\" stroke-width=\"1.5\" d=\"m9 18 6-6-6-6\"\/>\n<\/svg>\n<\/a><\/li><\/ul><\/div><\/div><\/div>\n\n\n<div class=\"wp-block-ultimate-post-post-pagination ultp-block-f38f53 ultp-pagination-block ultp-pagination-wrap\"><div class=\"ultp-pagination-wrap ultp-disable-editor-click ultp-pagination-ajax-action\"><ul class=\"ultp-pagination\"><li><a href=\"#\" class=\"ultp-prev-page-numbers\"><svg xmlns=\"http:\/\/www.w3.org\/2000\/svg\" fill=\"none\" viewBox=\"0 0 24 24\"><path stroke=\"currentColor\" stroke-linecap=\"round\" stroke-linejoin=\"round\" stroke-width=\"1.5\" d=\"m15 18-6-6 6-6\"><\/path><\/svg> Anterior<\/a><\/li><li><a href=\"#\">1<\/a><\/li><li><a href=\"#\">2<\/a><\/li><li><a href=\"#\">3<\/a><\/li><li><a href=\"#\" class=\"ultp-next-page-numbers\">Pr\u00f3xima <svg xmlns=\"http:\/\/www.w3.org\/2000\/svg\" fill=\"none\" viewBox=\"0 0 24 24\"><path stroke=\"currentColor\" stroke-linecap=\"round\" stroke-linejoin=\"round\" stroke-width=\"1.5\" d=\"m9 18 6-6-6-6\"><\/path><\/svg><\/a><\/li><\/ul><\/div><\/div>\n<\/div>\n","protected":false},"excerpt":{"rendered":"","protected":false},"author":2,"featured_media":23060,"parent":0,"menu_order":0,"comment_status":"closed","ping_status":"closed","template":"","meta":{"footnotes":""},"class_list":["post-10349","page","type-page","status-publish","has-post-thumbnail","hentry"],"yoast_head":"<!-- This site is optimized with the Yoast SEO plugin v27.2 - https:\/\/yoast.com\/product\/yoast-seo-wordpress\/ -->\n<title>Ub\u00e1 News Ocorr\u00eancias Policiais<\/title>\n<meta name=\"description\" content=\"Registro Policial da regi\u00e3o de Ub\u00e1 com detalhes dos Boletins de Ocorr\u00eancias que s\u00e3o informados nas atividades da PM\" \/>\n<meta name=\"robots\" content=\"index, follow, max-snippet:-1, max-image-preview:large, max-video-preview:-1\" \/>\n<link rel=\"canonical\" href=\"https:\/\/ubanews.com\/site\/ocorrencias-policiais-1\/\" \/>\n<meta property=\"og:locale\" content=\"pt_BR\" \/>\n<meta property=\"og:type\" content=\"article\" \/>\n<meta property=\"og:title\" content=\"Ub\u00e1 News Ocorr\u00eancias Policiais\" \/>\n<meta property=\"og:description\" content=\"Registro Policial da regi\u00e3o de Ub\u00e1 com detalhes dos Boletins de Ocorr\u00eancias que s\u00e3o informados nas atividades da PM\" \/>\n<meta property=\"og:url\" content=\"https:\/\/ubanews.com\/site\/ocorrencias-policiais-1\/\" \/>\n<meta property=\"og:site_name\" content=\"Ub\u00e1 News\" \/>\n<meta property=\"article:publisher\" content=\"https:\/\/www.facebook.com\/Ub%c3%a1News-Carlos-Roberto-Sodr%c3%a9-418778301977370\" \/>\n<meta property=\"article:modified_time\" content=\"2026-01-13T19:02:08+00:00\" \/>\n<meta property=\"og:image\" content=\"https:\/\/ubanews.com\/site\/wp-content\/uploads\/2019\/05\/Policia-8.jpg\" \/>\n\t<meta property=\"og:image:width\" content=\"1000\" \/>\n\t<meta property=\"og:image:height\" content=\"500\" \/>\n\t<meta property=\"og:image:type\" content=\"image\/jpeg\" \/>\n<meta name=\"twitter:card\" content=\"summary_large_image\" \/>\n<meta name=\"twitter:label1\" content=\"Est. tempo de leitura\" \/>\n\t<meta name=\"twitter:data1\" content=\"1 minuto\" \/>\n<script type=\"application\/ld+json\" class=\"yoast-schema-graph\">{\"@context\":\"https:\/\/schema.org\",\"@graph\":[{\"@type\":\"WebPage\",\"@id\":\"https:\/\/ubanews.com\/site\/ocorrencias-policiais-1\/\",\"url\":\"https:\/\/ubanews.com\/site\/ocorrencias-policiais-1\/\",\"name\":\"Ub\u00e1 News Ocorr\u00eancias Policiais\",\"isPartOf\":{\"@id\":\"https:\/\/ubanews.com\/site\/#website\"},\"primaryImageOfPage\":{\"@id\":\"https:\/\/ubanews.com\/site\/ocorrencias-policiais-1\/#primaryimage\"},\"image\":{\"@id\":\"https:\/\/ubanews.com\/site\/ocorrencias-policiais-1\/#primaryimage\"},\"thumbnailUrl\":\"https:\/\/ubanews.com\/site\/wp-content\/uploads\/2025\/10\/Policia-Militar-2.jpeg\",\"datePublished\":\"2019-01-28T12:41:00+00:00\",\"dateModified\":\"2026-01-13T19:02:08+00:00\",\"description\":\"Registro Policial da regi\u00e3o de Ub\u00e1 com detalhes dos Boletins de Ocorr\u00eancias que s\u00e3o informados nas atividades da PM\",\"breadcrumb\":{\"@id\":\"https:\/\/ubanews.com\/site\/ocorrencias-policiais-1\/#breadcrumb\"},\"inLanguage\":\"pt-BR\",\"potentialAction\":[{\"@type\":\"ReadAction\",\"target\":[\"https:\/\/ubanews.com\/site\/ocorrencias-policiais-1\/\"]}]},{\"@type\":\"ImageObject\",\"inLanguage\":\"pt-BR\",\"@id\":\"https:\/\/ubanews.com\/site\/ocorrencias-policiais-1\/#primaryimage\",\"url\":\"https:\/\/ubanews.com\/site\/wp-content\/uploads\/2025\/10\/Policia-Militar-2.jpeg\",\"contentUrl\":\"https:\/\/ubanews.com\/site\/wp-content\/uploads\/2025\/10\/Policia-Militar-2.jpeg\",\"width\":1600,\"height\":1066,\"caption\":\"Pol\u00edcia Militar\"},{\"@type\":\"BreadcrumbList\",\"@id\":\"https:\/\/ubanews.com\/site\/ocorrencias-policiais-1\/#breadcrumb\",\"itemListElement\":[{\"@type\":\"ListItem\",\"position\":1,\"name\":\"Home\",\"item\":\"https:\/\/ubanews.com\/site\/\"},{\"@type\":\"ListItem\",\"position\":2,\"name\":\"Ocorr\u00eancias Policiais\"}]},{\"@type\":\"WebSite\",\"@id\":\"https:\/\/ubanews.com\/site\/#website\",\"url\":\"https:\/\/ubanews.com\/site\/\",\"name\":\"Ub\u00e1 News\",\"description\":\"\",\"publisher\":{\"@id\":\"https:\/\/ubanews.com\/site\/#organization\"},\"potentialAction\":[{\"@type\":\"SearchAction\",\"target\":{\"@type\":\"EntryPoint\",\"urlTemplate\":\"https:\/\/ubanews.com\/site\/?s={search_term_string}\"},\"query-input\":{\"@type\":\"PropertyValueSpecification\",\"valueRequired\":true,\"valueName\":\"search_term_string\"}}],\"inLanguage\":\"pt-BR\"},{\"@type\":\"Organization\",\"@id\":\"https:\/\/ubanews.com\/site\/#organization\",\"name\":\"Ub\u00e1 News\",\"url\":\"https:\/\/ubanews.com\/site\/\",\"logo\":{\"@type\":\"ImageObject\",\"inLanguage\":\"pt-BR\",\"@id\":\"https:\/\/ubanews.com\/site\/#\/schema\/logo\/image\/\",\"url\":\"https:\/\/ubanews.com\/site\/wp-content\/uploads\/2018\/01\/logoubanews.png\",\"contentUrl\":\"https:\/\/ubanews.com\/site\/wp-content\/uploads\/2018\/01\/logoubanews.png\",\"width\":261,\"height\":99,\"caption\":\"Ub\u00e1 News\"},\"image\":{\"@id\":\"https:\/\/ubanews.com\/site\/#\/schema\/logo\/image\/\"},\"sameAs\":[\"https:\/\/www.facebook.com\/Ub\u00e1News-Carlos-Roberto-Sodr\u00e9-418778301977370\"]}]}<\/script>\n<!-- \/ Yoast SEO plugin. -->","yoast_head_json":{"title":"Ub\u00e1 News Ocorr\u00eancias Policiais","description":"Registro Policial da regi\u00e3o de Ub\u00e1 com detalhes dos Boletins de Ocorr\u00eancias que s\u00e3o informados nas atividades da PM","robots":{"index":"index","follow":"follow","max-snippet":"max-snippet:-1","max-image-preview":"max-image-preview:large","max-video-preview":"max-video-preview:-1"},"canonical":"https:\/\/ubanews.com\/site\/ocorrencias-policiais-1\/","og_locale":"pt_BR","og_type":"article","og_title":"Ub\u00e1 News Ocorr\u00eancias Policiais","og_description":"Registro Policial da regi\u00e3o de Ub\u00e1 com detalhes dos Boletins de Ocorr\u00eancias que s\u00e3o informados nas atividades da PM","og_url":"https:\/\/ubanews.com\/site\/ocorrencias-policiais-1\/","og_site_name":"Ub\u00e1 News","article_publisher":"https:\/\/www.facebook.com\/Ub%c3%a1News-Carlos-Roberto-Sodr%c3%a9-418778301977370","article_modified_time":"2026-01-13T19:02:08+00:00","og_image":[{"width":1000,"height":500,"url":"https:\/\/ubanews.com\/site\/wp-content\/uploads\/2019\/05\/Policia-8.jpg","type":"image\/jpeg"}],"twitter_card":"summary_large_image","twitter_misc":{"Est. tempo de leitura":"1 minuto"},"schema":{"@context":"https:\/\/schema.org","@graph":[{"@type":"WebPage","@id":"https:\/\/ubanews.com\/site\/ocorrencias-policiais-1\/","url":"https:\/\/ubanews.com\/site\/ocorrencias-policiais-1\/","name":"Ub\u00e1 News Ocorr\u00eancias Policiais","isPartOf":{"@id":"https:\/\/ubanews.com\/site\/#website"},"primaryImageOfPage":{"@id":"https:\/\/ubanews.com\/site\/ocorrencias-policiais-1\/#primaryimage"},"image":{"@id":"https:\/\/ubanews.com\/site\/ocorrencias-policiais-1\/#primaryimage"},"thumbnailUrl":"https:\/\/ubanews.com\/site\/wp-content\/uploads\/2025\/10\/Policia-Militar-2.jpeg","datePublished":"2019-01-28T12:41:00+00:00","dateModified":"2026-01-13T19:02:08+00:00","description":"Registro Policial da regi\u00e3o de Ub\u00e1 com detalhes dos Boletins de Ocorr\u00eancias que s\u00e3o informados nas atividades da PM","breadcrumb":{"@id":"https:\/\/ubanews.com\/site\/ocorrencias-policiais-1\/#breadcrumb"},"inLanguage":"pt-BR","potentialAction":[{"@type":"ReadAction","target":["https:\/\/ubanews.com\/site\/ocorrencias-policiais-1\/"]}]},{"@type":"ImageObject","inLanguage":"pt-BR","@id":"https:\/\/ubanews.com\/site\/ocorrencias-policiais-1\/#primaryimage","url":"https:\/\/ubanews.com\/site\/wp-content\/uploads\/2025\/10\/Policia-Militar-2.jpeg","contentUrl":"https:\/\/ubanews.com\/site\/wp-content\/uploads\/2025\/10\/Policia-Militar-2.jpeg","width":1600,"height":1066,"caption":"Pol\u00edcia Militar"},{"@type":"BreadcrumbList","@id":"https:\/\/ubanews.com\/site\/ocorrencias-policiais-1\/#breadcrumb","itemListElement":[{"@type":"ListItem","position":1,"name":"Home","item":"https:\/\/ubanews.com\/site\/"},{"@type":"ListItem","position":2,"name":"Ocorr\u00eancias Policiais"}]},{"@type":"WebSite","@id":"https:\/\/ubanews.com\/site\/#website","url":"https:\/\/ubanews.com\/site\/","name":"Ub\u00e1 News","description":"","publisher":{"@id":"https:\/\/ubanews.com\/site\/#organization"},"potentialAction":[{"@type":"SearchAction","target":{"@type":"EntryPoint","urlTemplate":"https:\/\/ubanews.com\/site\/?s={search_term_string}"},"query-input":{"@type":"PropertyValueSpecification","valueRequired":true,"valueName":"search_term_string"}}],"inLanguage":"pt-BR"},{"@type":"Organization","@id":"https:\/\/ubanews.com\/site\/#organization","name":"Ub\u00e1 News","url":"https:\/\/ubanews.com\/site\/","logo":{"@type":"ImageObject","inLanguage":"pt-BR","@id":"https:\/\/ubanews.com\/site\/#\/schema\/logo\/image\/","url":"https:\/\/ubanews.com\/site\/wp-content\/uploads\/2018\/01\/logoubanews.png","contentUrl":"https:\/\/ubanews.com\/site\/wp-content\/uploads\/2018\/01\/logoubanews.png","width":261,"height":99,"caption":"Ub\u00e1 News"},"image":{"@id":"https:\/\/ubanews.com\/site\/#\/schema\/logo\/image\/"},"sameAs":["https:\/\/www.facebook.com\/Ub\u00e1News-Carlos-Roberto-Sodr\u00e9-418778301977370"]}]}},"_links":{"self":[{"href":"https:\/\/ubanews.com\/site\/wp-json\/wp\/v2\/pages\/10349","targetHints":{"allow":["GET"]}}],"collection":[{"href":"https:\/\/ubanews.com\/site\/wp-json\/wp\/v2\/pages"}],"about":[{"href":"https:\/\/ubanews.com\/site\/wp-json\/wp\/v2\/types\/page"}],"author":[{"embeddable":true,"href":"https:\/\/ubanews.com\/site\/wp-json\/wp\/v2\/users\/2"}],"replies":[{"embeddable":true,"href":"https:\/\/ubanews.com\/site\/wp-json\/wp\/v2\/comments?post=10349"}],"version-history":[{"count":0,"href":"https:\/\/ubanews.com\/site\/wp-json\/wp\/v2\/pages\/10349\/revisions"}],"wp:featuredmedia":[{"embeddable":true,"href":"https:\/\/ubanews.com\/site\/wp-json\/wp\/v2\/media\/23060"}],"wp:attachment":[{"href":"https:\/\/ubanews.com\/site\/wp-json\/wp\/v2\/media?parent=10349"}],"curies":[{"name":"wp","href":"https:\/\/api.w.org\/{rel}","templated":true}]}}